e the remainder when 516 is divided by 7.
5
Calculate the remainder when 352 is divided by 92.
76
Calculate the remainder when 456 is divided by 122.
90
Calculate the remainder when 45 is divided by 4.
1
Calculate the remainder when 732 is divided by 82.
76
What is the remainder when 1110 is divided by 546?
18
What is the remainder when 1146 is divided by 299?
249
Calculate the remainder when 94 is divided by 12.
10
What is the remainder when 132 is divided by 14?
6
Calculate the remainder when 142 is divided by 11.
10
Calculate the remainder when 94 is divided by 11.
6
Calculate the remainder when 64 is divided by 12.
4
Calculate the remainder when 433 is divided by 135.
28
What is the remainder when 346 is divided by 169?
8
What is the remainder when 7334 is divided by 23?
20
What is the remainder when 37 is divided by 24?
13
What is the remainder when 111 is divided by 38?
35
What is the remainder when 120376 is divided by 17?
16
Calculate the remainder when 1430 is divided by 24.
14
Calculate the remainder when 453 is divided by 24.
21
What is the remainder when 904 is divided by 181?
180
What is the remainder when 440 is divided by 154?
132
What is the remainder when 68 is divided by 26?
16
Calculate the remainder when 64 is divided by 53.
11
What is the remainder when 79 is divided by 15?
4
What is the remainder when 334 is divided by 85?
79
What is the remainder when 17 is divided by 4?
1
Calculate the remainder when 483 is divided by 466.
17
What is the remainder when 12327 is divided by 90?
87
Calculate the remainder when 44 is divided by 17.
10
Calculate the remainder when 3275 is divided by 23.
9
What is the remainder when 402 is divided by 91?
38
Calculate the remainder when 1630 is divided by 96.
94
Calculate the remainder when 703 is divided by 22.
21
Calculate the remainder when 1163 is divided by 377.
32
Calculate the remainder when 1623 is divided by 58.
57
Calculate the remainder when 60 is divided by 11.
5
What is the remainder when 257 is divided by 37?
35
Calculate the remainder when 51 is divided by 33.
18
Calculate the remainder when 56 is divided by 19.
18
Calculate the remainder when 82 is divided by 23.
13
What is the remainder when 222 is divided by 19?
13
What is the remainder when 47 is divided by 5?
2
Calculate the remainder when 286 is divided by 36.
34
What is the remainder when 170 is divided by 60?
50
What is the remainder when 755 is divided by 370?
15
Calculate the remainder when 39 is divided by 34.
5
What is the remainder when 543 is divided by 17?
16
Calculate the remainder when 90 is divided by 56.
34
What is the remainder when 160 is divided by 26?
4
Calculate the remainder when 125 is divided by 8.
5
What is the remainder when 84 is divided by 7?
0
Calculate the remainder when 1786 is divided by 35.
1
Calculate the remainder when 186 is divided by 17.
16
What is the remainder when 119 is divided by 6?
5
Calculate the remainder when 406 is divided by 57.
7
What is the remainder when 348 is divided by 7?
5
What is the remainder when 86 is divided by 7?
2
What is the remainder when 21838 is divided by 30?
28
What is the remainder when 636 is divided by 91?
90
Calculate the remainder when 123 is divided by 9.
6
What is the remainder when 637 is divided by 128?
125
What is the remainder when 1386 is divided by 1368?
18
Calculate the remainder when 467 is divided by 59.
54
Calculate the remainder when 2986 is divided by 36.
34
What is the remainder when 4519 is divided by 40?
39
Calculate the remainder when 211 is divided by 72.
67
Calculate the remainder when 116 is divided by 6.
2
Calculate the remainder when 2743 is divided by 29.
17
Calculate the remainder when 2437 is divided by 74.
69
Calculate the remainder when 765 is divided by 96.
93
What is the remainder when 109 is divided by 73?
36
Calculate the remainder when 1380 is divided by 38.
12
What is the remainder when 2716 is divided by 16?
12
Calculate the remainder when 3940 is divided by 11.
2
Calculate the remainder when 197 is divided by 169.
28
Calculate the remainder when 223 is divided by 15.
13
Calculate the remainder when 228 is divided by 66.
30
Calculate the remainder when 459 is divided by 76.
3
Calculate the remainder when 430 is divided by 12.
10
Calculate the remainder when 938 is divided by 21.
14
Calculate the remainder when 495 is divided by 50.
45
What is the remainder when 532 is divided by 13?
12
Calculate the remainder when 107 is divided by 8.
3
Calculate the remainder when 71 is divided by 17.
3
Calculate the remainder when 57 is divided by 12.
9
Calculate the remainder when 11896 is divided by 18.
16
Calculate the remainder when 359 is divided by 152.
55
What is the remainder when 760 is divided by 49?
25
What is the remainder when 18 is divided by 7?
4
What is the remainder when 171 is divided by 18?
9
What is the remainder when 173 is divided by 24?
5
Calculate the remainder when 693 is divided by 328.
37
What is the remainder when 98 is divided by 80?
18
Calculate the remainder when 66 is divided by 17.
15
Calculate the remainder when 7919 is divided by 198.
197
What is the remainder when 13 is divided by 3?
1
Calculate the remainder when 629 is divided by 79.
76
What is the remainder when 173 is divided by 66?
41
What is the remainder when 414 is divided by 27?
9
What is the remainder when 15122 is divided by 398?
396
What is the remainder when 202 is divided by 98?
6
Calculate the remainder when 11429 is divided by 127.
126
What is the remainder when 5364 is divided by 669?
12
Calculate the remainder when 392 is divided by 62.
20
What is the remainder when 166 is divided by 62?
42
What is the remainder when 95 is divided by 88?
7
What is the remainder when 952 is divided by 473?
6
Calculate the remainder when 208 is divided by 54.
46
What is the remainder when 73 is divided by 50?
23
What is the remainder when 217 is divided by 4?
1
What is the remainder when 116 is divided by 13?
12
Calculate the remainder when 1047 is divided by 170.
27
What is the remainder when 179 is divided by 40?
19
Calculate the remainder when 516 is divided by 34.
6
Calculate the remainder when 1012 is divided by 14.
4
Calculate the remainder when 774 is divided by 202.
168
What is the remainder when 406 is divided by 137?
132
What is the remainder when 7642 is divided by 139?
136
What is the remainder when 1068 is divided by 21?
18
Calculate the remainder when 1013 is divided by 215.
153
What is the remainder when 1286 is divided by 216?
206
What is the remainder when 7413 is divided by 103?
100
What is the remainder when 137 is divided by 37?
26
Calculate the remainder when 71 is divided by 36.
35
What is the remainder when 1102 is divided by 23?
21
What is the remainder when 461 is divided by 33?
32
What is the remainder when 568 is divided by 113?
3
What is the remainder when 31662 is divided by 84?
78
What is the remainder when 42 is divided by 23?
19
Calculate the remainder when 4251 is divided by 16.
11
What is the remainder when 523 is divided by 11?
6
What is the remainder when 309 is divided by 74?
13
Calculate the remainder when 1779 is divided by 94.
87
What is the remainder when 2065 is divided by 13?
11
What is the remainder when 29 is divided by 12?
5
Calculate the remainder when 914 is divided by 115.
109
What is the remainder when 2410 is divided by 85?
30
What is the remainder when 200 is divided by 92?
16
What is the remainder when 671 is divided by 16?
15
What is the remainder when 1903 is divided by 13?
5
Calculate the remainder when 60 is divided by 13.
8
What is the remainder when 3158 is divided by 93?
89
What is the remainder when 180 is divided by 13?
11
What is the remainder when 134 is divided by 52?
30
What is the remainder when 1237 is divided by 18?
13
What is the remainder when 1815 is divided by 112?
23
What is the remainder when 133 is divided by 121?
12
Calculate the remainder when 287 is divided by 79.
50
What is the remainder when 1382 is divided by 58?
48
What is the remainder when 7141 is divided by 7136?
5
What is the remainder when 173 is divided by 88?
85
Calculate the remainder when 155 is divided by 79.
76
Calculate the remainder when 195 is divided by 44.
19
What is the remainder when 5344 is div